 2*z, 15 = 5*u - 3*z. Determine k(u).
-8
Let c(k) = k - 7*k**2 + 2*k + 3 + 3*k**2 + k**3. What is c(3)?
3
Let z = -1/69 + 8/23. Let o(v) be the second derivative of z*v**4 - 1/20*v**5 + 0*v**2 - 2*v + 0 + 1/2*v**3. What is o(5)?
-10
Let i(a) = -2*a**3 + 16*a**2 - 14*a + 11. Let t(m) = 3*m**3 - 24*m**2 + 21*m - 16. Let k(b) = -7*i(b) - 5*t(b). Determine k(7).
3
Let z(p) be the second derivative of p**3/6 - 2*p**2 + 17*p. Determine z(2).
-2
Let w(h) = h + 2*h**3 + 6 + 2 + h**2 + 0*h - 3*h**3. Let x be 10/35 - 2/7. Suppose x = p + p. Give w(p).
8
Let f(x) = -x**3 - 15*x**2 - 14*x + 6. Let s be f(-14). Let g(b) = b**3 - 7*b**2 + 7*b - 6. Determine g(s).
0
Let s(w) = -w - 3. Suppose -a = -5*z + a + 23, -25 = -4*z - 5*a. What is s(z)?
-8
Let h(i) be the first derivative of i**5/120 - i**4/24 - i**3 + 3. Let n(b) be the third derivative of h(b). What is n(3)?
2
Let h(o) = o**3 + 3*o**2 - o - 5. Let x(j) = 5*j**3 + 15*j**2 - 5*j - 26. Let z(n) = -11*h(n) + 2*x(n). Let y be 27/(-36) + (51/(-12) - -2). Calculate z(y).
0
Let z(n) = n + 6. Suppose s + 4 = -5. Let b be 8/36 + 2/s. Calculate z(b).
6
Suppose -5*t + 4 + 6 = 0. Let q(v) = v**t + v + 4*v**2 + 1 - v**3 - 6*v**2. Give q(-2).
3
Let t(h) = 3*h**3 + h**2 + h + 1. Let i be t(-1). Let g(y) be the second derivative of 0 - 1/2*y**2 - 1/20*y**5 + 1/6*y**3 + 2*y - 1/4*y**4. Calculate g(i).
-7
Let m(x) = -20*x - 8 + 6*x + 11*x. Determine m(-7).
13
Let f(n) = 11*n + 3. Let z(d) be the third derivative of -d**4/4 - d**3/3 - 6*d**2. Let k(l) = -3*f(l) - 5*z(l). Give k(2).
-5
Let m(a) = -5*a**2 + 2*a + 10 + a**2 + 2*a**3 - 8 - a**2. Let i(k) = -k**3 - k. Let d(y) = -i(y) - m(y). What is d(5)?
-7
Suppose 4*z - 8 - 4 = 0. Suppose 3*b + 5*x = -6, -b - 3*b + z*x = 8. Let q(a) = -a**2 - 3*a - 1. Determine q(b).
1
Let f(a) be the third derivative of a**7/2520 + a**6/360 + a**5/120 - a**4/24 + 2*a**2. Let t(j) be the second derivative of f(j). Calculate t(-3).
4
Let x = 6 + -8. Let f(h) = -4*h - 3. Give f(x).
5
Let c(f) = f**3 - 5*f**2 + 3*f. Let n be (-13 + 4)*4/(-6). Let w = n + -2. What is c(w)?
-4
Let w(z) = -2*z**2 - z - 2. Suppose 3*m = 7*m - 8. Determine w(m).
-12
Let x(v) be the first derivative of -v**4/4 + 2*v**3 - 2*v**2 - 2*v - 3. Determine x(4).
14
Suppose 0 = -2*t - 4, 5*k - 2*k - 8 = t. Let z(h) be the first derivative of k + 2*h**2 - 3*h - 1/3*h**3. What is z(5)?
-8
Let f(y) = -4*y - 13*y**2 - y**3 + 21*y**2 - 3*y + 4. What is f(7)?
4
Let w(g) be the third derivative of g**7/105 + 5*g**3/6 - 2*g**2. Let t(p) be the first derivative of w(p). Determine t(-1).
-8
Suppose -n = 2*n - 3. Let p(c) = 1. Let t(v) = v + 5. Let g be t(-4). Let b(u) = -9*u + 3. Let s(z) = g*b(z) - 2*p(z). What is s(n)?
-8
Suppose 4*p + 21 = w, -5*p + 2*w + 4 = 28. Let i = p - -4. Let q(a) = a**3 - a + 2. Determine q(i).
-4
Let l(h) be the third derivative of 0*h + 1/3*h**4 + 0 - 1/6*h**3 - 9*h**2. Determine l(1).
7
Let p(l) = -l**3 + 8*l**2 - 8*l + 7. Let r be p(7). Let v(s) = s**3 + s - 9. Determine v(r).
-9
Let b(r) = r**3 + 3*r**2 - 2*r + 2. Let u(l) = -5*l + 1. Suppose 4*k = -5*i + 14, 0*k - 10 = -2*k - 4*i. Let s be u(k). What is b(s)?
-6
Suppose 0*k - 10 = -2*b + k, 3*b - 15 = -k. Suppose b - 1 = o. Let u(y) be the first derivative of y**4/4 - 4*y**3/3 - 3*y**2/2 + 5*y - 2. Determine u(o).
-7
Let m(c) = 6*c**2 + 8*c + 6. Let t(w) = 5*w**2 + 8*w + 6. Let r(q) = -4*m(q) + 5*t(q). Give r(-5).
-9
Let p be (-150)/35 + (-4)/(-14). Let l(t) be the first derivative of t**4/4 + 5*t**3/3 + 3*t**2/2 - 3*t + 3. Give l(p).
1
Let g(m) = m**2 - 10*m + 9. Suppose -4*i = -5*u + 35, -4*i + 2 = -4*u + 30. Calculate g(u).
-12
Let x(c) = -c**3 + 5*c**2 - 2*c. Suppose 2*i - 5*h - 22 = -2*h, 3*h - 3 = -3*i. Calculate x(i).
-10
Let x(c) = -c**2 + 2*c - 1. Let p = -9 - -7. Let s be 3/(-1 + p)*-1. Calculate x(s).
0
Suppose -5*t + 20 = -h + 7, -4*t - 4*h - 4 = 0. Let o be (-4)/(-4)*t + -2. Let y(b) = -b + 3. What is y(o)?
3
Let r(k) = -2*k + 3. Suppose -17 = 3*s + 4*q, 3*s - 3*q + 4 = 1. Calculate r(s).
9
Suppose 0 = 2*g - g - 4. Suppose -g = q - 3. Let p(c) be the first derivative of -c**3/3 - c**2 - c + 28. What is p(q)?
0
Suppose 4*a - 2*a = 0. Suppose 4*x + 10 + 6 = a. Let v(d) = -d**2 - 3*d + 1. Determine v(x).
-3
Suppose 0*q - 30 = -5*q. Let p(w) = w**2 - 7*w + 3. What is p(q)?
-3
Let r(z) = -5*z**3 + 7*z**2 + 2*z - 1. Let u(q) = 4*q**3 - 6*q**2 - q. Let w be 4 + (-6 + 0)/3. Suppose -8 = w*o - 0. Let s(i) = o*u(i) - 3*r(i). Give s(3).
-3
Let v(z) = 2*z - 5. Let y(c) = c - 2. Let d be y(2). Suppose -4 = -m - d. What is v(m)?
3
Suppose 4*y - 4*g - 7 - 17 = 0, 5*g + 28 = 4*y. Let r(d) = -2*d**2 + 2*d + 3. Let f(q) = 4*q**2 - 5*q - 6. Let c(h) = 4*f(h) + 9*r(h). Calculate c(y).
-9
Let m be 2/11 + 108/11. Let d = m + -7. Let r(z) = 0 - z**2 + d + 0. What is r(4)?
-13
Let y = -14 - -8. Let g = y + 6. Suppose g = -i - 4*i - 25. Let x(n) = 2*n. What is x(i)?
-10
Suppose 60*o = 58*o - 6. Let k(p) = p + 1. Determine k(o).
-2
Let w(x) = 4*x**2 - x - 1. Let v(o) = o**2 + 7*o + 11. Let h be v(-3). Determine w(h).
4
Let k(o) = o**2 + o + 7. Let d be k(0). Let i(w) = w**3 - 6*w**2 - 8*w + 6. Let m be i(d). Let r(q) = -14*q**2. What is r(m)?
-14
Let c(o) = -o - 2. Suppose 2*t + 3*s = 29, -3*t - 7*s = -2*s - 43. Suppose -5*p = -1 + t. Give c(p).
1
Suppose 1 = -2*b - 1. Let l(p) = 1. Let y(i) = -i + 1. Let g(s) = -4*s + 5. Let q(z) = -g(z) + 3*y(z). Let d(j) = -5*l(j) - 3*q(j). Determine d(b).
4
Let p(z) = 2*z - 1 + 3 - z. Let t be 4/(-18) + 29/9. Let d = 1 - t. Give p(d).
0
Let v = -5 - -3. Let u(k) = -10*k**2 - 2*k + 1. Let s be u(1). Let b(h) = 5*h - 44. Let a(m) = -m + 9. Let j(o) = s*a(o) + v*b(o). What is j(5)?
-6
Let l(z) = -z - 3. Let s be l(-7). Suppose s*v = -2*t + 10, -17 = -5*v - 3*t - t. Let i(a) = 7*a**2 + a. Determine i(v).
8
Let a(k) = 4*k + 1. Suppose -5*u - 2 = 3. Calculate a(u).
-3
Suppose 2*v + 7 = -3*x + 41, -3*x = -3*v + 21. Let b(n) = n - 17 + 24 + n**2 - v. Calculate b(-3).
2
Let n = -20 + 24. Let z(x) = -x**2 + 4*x + 5. Determine z(n).
5
Let j(d) = 0 - 2 + 3 + d**2. Let q be j(0). Let l(p) = -p**2 + q + 0 - 1. Calculate l(0).
0
Let s(u) = -4*u + 5*u + 3 + 2. Let n be (-51)/12 - (-6)/24. What is s(n)?
1
Let f(q) be the second derivative of q**5/20 - q**4/2 - 4*q**3/3 + 7*q**2/2 - 27*q. What is f(7)?
0
Suppose 3 = 2*l + z - 0*z, 2*l - 5*z = -3. Suppose 4*h - 5 = -1. Let y(q) = q + 0*q + q + h. Determine y(l).
3
Let r(y) be the third derivative of 0*y + 1/12*y**4 + 0 + y**2 + 0*y**3. Let z be ((-1)/2)/(2/12). Give r(z).
-6
Let j(a) = a**2 + 4*a - 3. Let w(n) = n**3 - 8*n**2 - n + 9. Let v be w(8). Let p(z) = -v + 0*z**2 + z**2 + 8*z - 4. Let r be p(-8). What is j(r)?
2
Let k(q) = -q + 2. Let g(a) = 3*a + 3*a - 2 + 2*a - 6*a. Let c(t) = -2*g(t) - 3*k(t). Let j(d) = d - 4. Let s be j(6). Calculate c(s).
-4
Let s(o) = 2*o - 1. Suppose j = -35 + 38. Calculate s(j).
5
Suppose w = 4*w - 6. Suppose -w*p - 28 = p + 4*y, -2*p - 4*y = 24. Let k(f) = 2*f + 1. Determine k(p).
-7
Let h = -30 + 34. Let a(f) = 0*f + 3*f**3 - 2*f**3 - 3*f**2 - 5 - 3*f. Calculate a(h).
-1
Let a = -28 + 1. Let k be a/(-5) + 6/(-15). Suppose k*j + 0 = -5. Let r(s) = -s**2 - 1. What is r(j)?
-2
Let l(v) = 3*v - 6. Suppose -t = -4*c + 4*t + 21, -5*c + 5*t + 25 = 0. What is l(c)?
6
Let g(m) = -m**2 - 5*m + 4. Let u be g(-5). Let j(q) = 11 - 8 + 2*q + u*q - q**2. What is j(6)?
3
Suppose 4*o - 5*b = 77, -o + 0*b + 14 = 4*b. Let t = -12 + o. Let u(r) = -6 + 0*r**2 + t*r + 2*r - r**2. Calculate u(4).
10
Let r(x) = 4*x - 5*x - 4 + 2*x + 5. Let c be (2/4)/(5/(-60)). Calculate r(c).
-5
Let q(c) = 15 - 2*c - c - 12. Determine q(4).
-9
Suppose -y - 3*u + 15 = 1, 5*y + 25 = 4*u. Let c(d) = 0*d**3 - d + 3*d - 3*d - d**2 - 3*d**3. Give c(y).
3
Let h(x) = -2*x**2 - 2. Let p(z) = z**2 + z. Let b(r) = -h(r) - 3*p(r). Let v = -24 - -20. Give b(v).
-2
Suppose -3*w + 4*w - 9 = 0. Let b(g) = -w + 10 + 1 + 2*g. Calculate b(-4).
-6
Suppose 10 = -h + 2*o, -1 = o - 6. Suppose 3*m + h = 6. Let p(w) = -3*w**2 - 4 - w**3 + 5*w**m + 3*w**2. Calculate p(5).
-4
Let b(u) = u - 1. Suppose 0 = -22*y + 24*y. What is b(y)?
-1
Suppose 0 = -6*l + 11*l. Let o(i) = i - 5. Calculate o(l).
-5
Let q(s) be the first derivative of s**4/4 - 8*s**3/3 + 5*s**2 - 8*s + 5. What is q(6)?
-20
Let a(f) = -5*f - 4. Let x be 